7 (base 8) to base 16
17
Convert 101 (base 3) to base 7.
13
Convert -7 (base 12) to base 10.
-7
Convert -11 (base 2) to base 13.
-3
Convert 101 (base 2) to base 8.
5
What is -13 (base 8) in base 2?
-1011
Convert 156 (base 9) to base 15.
8c
What is -3 (base 10) in base 8?
-3
What is -2210 (base 3) in base 14?
-55
What is 101 (base 6) in base 2?
100101
Convert 4 (base 11) to base 7.
4
What is -4 (base 15) in base 4?
-10
What is 9 (base 10) in base 12?
9
What is 0 (base 6) in base 8?
0
Convert 55 (base 7) to base 4.
220
3 (base 9) to base 15
3
Convert -11 (base 16) to base 3.
-122
Convert -28 (base 9) to base 15.
-1b
51 (base 6) to base 3
1011
-145 (base 8) to base 15
-6b
-18 (base 10) to base 9
-20
What is -67 (base 9) in base 15?
-41
-96 (base 11) to base 5
-410
What is 10 (base 6) in base 15?
6
Convert 55 (base 11) to base 7.
114
Convert -1010 (base 2) to base 8.
-12
What is 40 (base 15) in base 16?
3c
Convert -111 (base 3) to base 9.
-14
What is 11010 (base 3) in base 8?
157
75 (base 16) to base 8
165
-52 (base 9) to base 5
-142
Convert -125 (base 7) to base 12.
-58
4 (base 15) to base 16
4
Convert ee (base 15) to base 11.
194
What is -42 (base 6) in base 3?
-222
Convert 0 (base 7) to base 4.
0
14 (base 10) to base 9
15
What is -403 (base 7) in base 10?
-199
-10 (base 4) to base 14
-4
4 (base 6) to base 4
10
What is 111210 (base 3) in base 8?
564
Convert 2 (base 11) to base 12.
2
Convert 8a (base 11) to base 9.
118
Convert -c1 (base 13) to base 12.
-111
What is 0 (base 13) in base 8?
0
Convert 10 (base 11) to base 12.
b
-353 (base 9) to base 10
-291
What is -3 (base 14) in base 6?
-3
0 (base 12) to base 6
0
-e (base 16) to base 9
-15
What is 2 (base 13) in base 12?
2
What is -b1 (base 15) in base 9?
-204
Convert -54 (base 16) to base 14.
-60
Convert -7 (base 12) to base 6.
-11
-1 (base 3) to base 13
-1
-32 (base 5) to base 16
-11
Convert 5 (base 12) to base 2.
101
What is 2133 (base 4) in base 8?
237
What is 3 (base 11) in base 3?
10
Convert -1 (base 15) to base 9.
-1
-3 (base 12) to base 6
-3
Convert 12 (base 8) to base 10.
10
What is -12 (base 5) in base 8?
-7
Convert -12c (base 15) to base 13.
-177
What is -7 (base 8) in base 7?
-10
-100010 (base 2) to base 5
-114
-14 (base 6) to base 10
-10
Convert -1ab (base 14) to base 12.
-24b
-212 (base 5) to base 7
-111
What is -2b (base 13) in base 3?
-1101
Convert -22 (base 7) to base 9.
-17
What is -16 (base 14) in base 13?
-17
Convert -3 (base 16) to base 2.
-11
101010011 (base 2) to base 11
289
What is -3 (base 5) in base 6?
-3
171 (base 9) to base 5
1040
-43 (base 10) to base 6
-111
What is 20101 (base 3) in base 9?
211
-1044 (base 5) to base 2
-10010101
Convert 0 (base 4) to base 8.
0
16 (base 16) to base 2
10110
-25 (base 7) to base 13
-16
-12 (base 14) to base 16
-10
Convert 3 (base 16) to base 14.
3
What is -1a (base 11) in base 3?
-210
-11 (base 4) to base 5
-10
Convert 91 (base 11) to base 15.
6a
Convert -3a (base 12) to base 3.
-1201
Convert -2 (base 6) to base 7.
-2
-7 (base 16) to base 7
-10
Convert -22 (base 15) to base 16.
-20
-112 (base 3) to base 2
-1110
What is -134 (base 5) in base 8?
-54
Convert 3 (base 4) to base 7.
3
12 (base 4) to base 12
6
Convert -414 (base 5) to base 16.
-6d
What is 27 (base 9) in base 15?
1a
Convert -b0 (base 13) to base 7.
-263
Convert 17 (base 14) to base 7.
30
24 (base 6) to base 7
22
What is 3 (base 11) in base 13?
3
-212 (base 4) to base 11
-35
242 (base 6) to base 13
77
Convert 23 (base 15) to base 12.
29
Convert -17 (base 12) to base 3.
-201
What is 1 (base 9) in base 15?
1
Convert -4 (base 12) to base 8.
-4
Convert -6 (base 15) to base 10.
-6
What is -3 (base 15) in base 9?
-3
What is 20012 (base 3) in base 8?
247
Convert -7 (base 12) to base 4.
-13
Convert 110 (base 6) to base 3.
1120
-3 (base 4) to base 11
-3
Convert -5 (base 13) to base 15.
-5
Convert 114 (base 8) to base 6.
204
Convert -2a (base 12) to base 15.
-24
7 (base 16) to base 3
21
What is -346 (base 7) in base 13?
-10c
202 (base 10) to base 8
312
Convert 20 (base 4) to base 3.
22
What is -2 (base 4) in base 10?
-2
-97 (base 16) to base 9
-177
-20 (base 3) to base 7
-6
What is -421 (base 6) in base 15?
-a7
What is 1120 (base 7) in base 8?
626
Convert 29 (base 10) to base 9.
32
What is -100 (base 2) in base 16?
-4
-2e (base 16) to base 14
-34
Convert -10 (base 3) to base 6.
-3
Convert 28 (base 16) to base 15.
2a
What is 4 (base 12) in base 11?
4
Convert -19 (base 11) to base 2.
-10100
What is -13 (base 15) in base 11?
-17
Convert -3 (base 6) to base 2.
-11
Convert -35 (base 13) to base 3.
-1122
Convert 27 (base 8) to base 7.
32
-1b (base 14) to base 8
-31
11 (base 2) to base 5
3
-63 (base 7) to base 3
-1200
-7 (base 14) to base 10
-7
What is 11 (base 9) in base 12?
a
What is 22 (base 12) in base 14?
1c
-4 (base 5) to base 13
-4
What is -15 (base 8) in base 11?
-12
What is -5 (base 9) in base 15?
-5
Convert 2 (base 16) to base 6.
2
-e (base 15) to base 16
-e
Convert 1 (base 3) to base 15.
1
Convert -3 (base 4) to base 8.
-3
Convert 112 (base 11) to base 5.
1014
Convert 21 (base 6) to base 15.
d
Convert -21 (base 3) to base 10.
-7
Convert -10000 (base 2) to base 4.
-100
Convert 110 (base 2) to base 6.
10
13 (base 15) to base 2
10010
Convert -1 (base 10) to base 2.
-1
0 (base 3) to base 10
0
-1 (base 3) to base 11
-1
2 (base 5) to base 10
2
What is -30 (base 11) in base 14?
-25
What is 53 (base 15) in base 5?
303
What is 5 (base 11) in base 5?
10
Convert 17 (base 9) to base 16.
10
What is 16 (base 16) in base 13?
19
117 (base 9) to base 16
61
Convert 1 (base 5) to base 8.
1
Convert -54 (base 9) to base 10.
-49
What is -21 (base 5) in base 10?
-11
Convert 4 (base 12) to base 4.
10
Convert -10 (base 8) to base 14.
-8
-3 (base 8) to base 6
-3
What is -2 (base 16) in base 10?
-2
Convert -7 (base 15) to base 5.
-12
0 (base 14) to base 9
0
211 (base 3) to base 13
19
Convert 1a (base 11) to base 15.
16
-11 (base 2) to base 4
-3
-3 (base 12) to base 2
-11
What is -1001000 (base 2) in base 11?
-66
-7f (base 16) to base 10
-127
Convert 3 (base 15) to base 7.
3
Convert -3 (base 5) to base 12.
-3
What is -16 (base 11) in base 2?
-10001
33 (base 4) to base 10
15
What is -12 (base 5) in base 7?
-10
Convert 10 (base 4) to base 14.
4
What is -23 (base 4) in base 6?
-15
Convert -9 (base 12) to base 8.
-11
Convert -11 (base 2) to base 14.
-3
-c7 (base 13) to base 8
-243
-113 (base 4) to base 9
-25
Convert 114 (base 8) to base 4.
1030
What is -6 (base 13) in base 15?
-6
What is -1001 (base 2) in base 13?
-9
What is -132 (base 4) in base 3?
-1010
What is 33 (base 4) in base 3?
120
Convert 111 (base 4) to base 7.
30
5 (base 14) to base 4
11
Convert -a5 (base 13) to base 10.
-135
What is -2 (base 14) in base 7?
-2
Convert -1441 (base 6) to base 3.
-112021
What is 21 (base 3) in base 7?
10
Convert -111 (base 5) to base 8.
-37
Convert 2 (base 6) to base 9.
2
Convert -113 (base 10) to base 11.
-a3
-10101001 (base 2) to base 14
-c1
What is -2 (base 8) in base 13?
-2
Convert 6 (base 7) to base 13.
6
Convert -2 (base 10) to base 15.
-2
What is 76 (base 9) in base 5?
234
What is -165 (base 8) in base 12?
-99
-3 (base 4) to base 5
-3
Convert -2 (base 6) to base 4.
-2
What is 4 (base 16) in base 4?
10
-7 (base 12) to base 15
-7
Convert 2 (base 12) to base 14.
2
What is 21 (base 3) in base 7?
10
Convert 5 (base 13) to base 15.
5
-333 (base 4) to base 7
-120
Convert 1 (base 7) to base 3.
1
Convert 23 (base 9) to base 3.
210
What is -1 (base 13) in base 14?
-1
120 (base 3) to base 16
f
-11 (base 2) to base 14
-3
What is 1 (base 2) in base 5?
1
Convert 220 (base 9) to base 3.
20200
What is 27 (base 13) in base 11?
30
What is 331 (base 5) in base 13?
70
-15 (base 8) to base 11
-12
-2 (base 13) to base 14
-2
What is -1 (base 15) in base 11?
-1
1012 (base 3) to base 13
26
Convert 12 (base 15) to base 13.
14
What is 0 (base 7) in base 10?
0
20 (base 5) to base 10
10
What is -11 (base 13) in base 15?
-e
-6 (base 12) to base 3
-20
Convert 3 (base 14) to base 10.
3
What is 100 (base 6) in base 9?
40
15 (base 7) to base 3
110
What is 73 (base 11) in base 10?
80
What is 122 (base 3) in base 14?
13
Convert -21 (base 3) to base 8.
-7
Convert -3 (base 6) to base 15.
-3
2 (base 10) to base 16
2
Convert -1001 (base 5) to base 6.
-33